{"id":163,"date":"2021-09-02T07:13:22","date_gmt":"2021-09-02T07:13:22","guid":{"rendered":"http:\/\/chorgemeinschaft-holtorf.seitenweberei.de\/?page_id=163"},"modified":"2025-12-15T16:21:50","modified_gmt":"2025-12-15T16:21:50","slug":"herzlich-willkommen","status":"publish","type":"page","link":"http:\/\/chorgemeinschaft-holtorf.seitenweberei.de\/","title":{"rendered":"Herzlich Willkommen!"},"content":{"rendered":"<div class=\"wp-block-image\">\n<figure class=\"aligncenter size-full\"><img loading=\"lazy\" decoding=\"async\" width=\"734\" height=\"286\" src=\"http:\/\/chorgemeinschaft-holtorf.seitenweberei.de\/wp-content\/uploads\/2024\/09\/2024_10_CG_aktuell.jpg\" alt=\"\" class=\"wp-image-281\" srcset=\"http:\/\/chorgemeinschaft-holtorf.seitenweberei.de\/wp-content\/uploads\/2024\/09\/2024_10_CG_aktuell.jpg 734w, http:\/\/chorgemeinschaft-holtorf.seitenweberei.de\/wp-content\/uploads\/2024\/09\/2024_10_CG_aktuell-300x117.jpg 300w\" sizes=\"auto, (max-width: 734px) 100vw, 734px\" \/><\/figure>\n<\/div>\n\n\n<p class=\"has-text-align-center\">Auf diesen Seiten erfahren Sie alles \u00fcber unseren Chor&#8230;<br>und &#8211; wer wei\u00df &#8211; vielleicht bekommen Sie ja Lust, bei uns mitzumachen ?!&nbsp;<br>Wir sind immer f\u00fcr neue S\u00e4ngerinnen und S\u00e4nger offen !<\/p>\n\n\n\n<p class=\"has-text-align-center\"><strong>Besuchen Sie uns doch einfach mal !<\/strong><\/p>\n\n\n\n<p class=\"has-text-align-center\">Wir proben&nbsp;w\u00f6chentlich&nbsp;<strong>montags<\/strong>&nbsp;von&nbsp;<strong>19.30&nbsp;<\/strong>bis&nbsp;<strong>21.30&nbsp;<\/strong><strong>Uhr<\/strong><br>&nbsp;im Pfarrheim St.Antonius,<\/p>\n\n\n\n<p class=\"has-text-align-center\">Burghofstr.2<br>53229 Bonn (Holtorf)<\/p>\n\n\n\n<p class=\"has-text-align-center\">Sie erreichen uns mit den Buslinien 537 \/ 636 Haltestelle: Niederholtorf Kirche<\/p>\n","protected":false},"excerpt":{"rendered":"<p>Auf diesen Seiten erfahren Sie alles \u00fcber unseren Chor&#8230;und &#8211; wer wei\u00df &#8211; vielleicht bekommen Sie ja Lust, bei uns mitzumachen ?!&nbsp;Wir sind immer f\u00fcr&hellip;<\/p>\n","protected":false},"author":1,"featured_media":0,"parent":0,"menu_order":0,"comment_status":"closed","ping_status":"closed","template":"","meta":{"ngg_post_thumbnail":0,"_mc_calendar":[],"footnotes":""},"class_list":["post-163","page","type-page","status-publish","hentry"],"_links":{"self":[{"href":"http:\/\/chorgemeinschaft-holtorf.seitenweberei.de\/index.php?rest_route=\/wp\/v2\/pages\/163","targetHints":{"allow":["GET"]}}],"collection":[{"href":"http:\/\/chorgemeinschaft-holtorf.seitenweberei.de\/index.php?rest_route=\/wp\/v2\/pages"}],"about":[{"href":"http:\/\/chorgemeinschaft-holtorf.seitenweberei.de\/index.php?rest_route=\/wp\/v2\/types\/page"}],"author":[{"embeddable":true,"href":"http:\/\/chorgemeinschaft-holtorf.seitenweberei.de\/index.php?rest_route=\/wp\/v2\/users\/1"}],"replies":[{"embeddable":true,"href":"http:\/\/chorgemeinschaft-holtorf.seitenweberei.de\/index.php?rest_route=%2Fwp%2Fv2%2Fcomments&post=163"}],"version-history":[{"count":7,"href":"http:\/\/chorgemeinschaft-holtorf.seitenweberei.de\/index.php?rest_route=\/wp\/v2\/pages\/163\/revisions"}],"predecessor-version":[{"id":282,"href":"http:\/\/chorgemeinschaft-holtorf.seitenweberei.de\/index.php?rest_route=\/wp\/v2\/pages\/163\/revisions\/282"}],"wp:attachment":[{"href":"http:\/\/chorgemeinschaft-holtorf.seitenweberei.de\/index.php?rest_route=%2Fwp%2Fv2%2Fmedia&parent=163"}],"curies":[{"name":"wp","href":"https:\/\/api.w.org\/{rel}","templated":true}]}}